osite number?
False
Is 4101430433 a prime number?
True
Is 66111905593 prime?
True
Is 553191209 a composite number?
False
Is 36931086887 composite?
True
Is 249414933283 a prime number?
True
Is 14066951537 a composite number?
True
Is 3232240891 composite?
True
Is 2628820589 a prime number?
True
Is 516189795655 a prime number?
False
Is 1209639323 a composite number?
False
Is 2165800363 a prime number?
False
Is 7052825831 a prime number?
False
Is 78051773971 a prime number?
False
Is 2223831661 prime?
True
Is 967797079 composite?
False
Is 277246901 prime?
True
Is 96677309 composite?
True
Is 225715070141 a composite number?
True
Is 2271456179 composite?
True
Is 12130621543 a composite number?
True
Is 17469851521 a composite number?
False
Is 541787669 prime?
True
Is 642865511 prime?
True
Is 797154707 prime?
False
Is 2760379871 composite?
True
Is 674724832037 a composite number?
False
Is 1772786267 prime?
False
Is 265217609 a prime number?
False
Is 486972737 composite?
True
Is 2516178091 a prime number?
False
Is 7042823581 a composite number?
False
Is 29595300419 a prime number?
True
Is 67871182699 prime?
False
Is 173786500241 composite?
False
Is 5039714327 composite?
True
Is 1800552599 a prime number?
True
Is 8073206447 prime?
True
Is 1650081313 prime?
False
Is 375283021 a prime number?
True
Is 1974228101 a prime number?
True
Is 810973417 prime?
True
Is 509122147 a composite number?
True
Is 5909551981 a prime number?
True
Is 462657401 prime?
True
Is 3934471543 a composite number?
True
Is 3851476289 composite?
False
Is 79987247963 prime?
False
Is 253554883 a composite number?
False
Is 361813259 a prime number?
True
Is 94761186313 prime?
True
Is 18847722821 a prime number?
True
Is 606019443 a prime number?
False
Is 202682335237 a prime number?
True
Is 9536617697 a prime number?
True
Is 9504705893 a composite number?
False
Is 1157055761 prime?
True
Is 19118959261 a prime number?
True
Is 17610401317 composite?
True
Is 74368362007 composite?
False
Is 22326239951 a prime number?
True
Is 35752201715 a composite number?
True
Is 2130725299 a prime number?
False
Is 6882587513 composite?
True
Is 2237972267 a prime number?
True
Is 1972193101 composite?
False
Is 1270038111 a composite number?
True
Is 442694497 composite?
True
Is 25612666865 composite?
True
Is 5584535731 prime?
True
Is 310015619 a prime number?
False
Is 231520559 composite?
True
Is 32645437967 prime?
True
Is 666555889 prime?
False
Is 8777932511 composite?
False
Is 2321340173 prime?
False
Is 118949607573 a composite number?
True
Is 4103668031 a prime number?
True
Is 2366845141 a composite number?
True
Is 18282977309 prime?
True
Is 2800476097 a prime number?
True
Is 59714156107 a prime number?
False
Is 104239021 a composite number?
True
Is 39270947437 a prime number?
True
Is 49763307751 a composite number?
True
Is 2334489281 composite?
False
Is 8611113761 a composite number?
False
Is 149366010707 a composite number?
False
Is 50481422171 a composite number?
True
Is 9155593807 prime?
True
Is 129531070651 a prime number?
True
Is 13273558127 prime?
False
Is 226322947 prime?
False
Is 2772422479 a prime number?
True
Is 810471737 a prime number?
True
Is 197267989 a prime number?
True
Is 5721901657 a prime number?
False
Is 10937295827 a composite number?
False
Is 12746670047 a composite number?
False
Is 1538181269 composite?
True
Is 9005982173 a composite number?
False
Is 250550681473 prime?
True
Is 468791593 a composite number?
False
Is 2540653867 composite?
False
Is 844057517 a prime number?
True
Is 10633425287 composite?
True
Is 59096920919 a prime number?
True
Is 317990215 prime?
False
Is 21332200349 composite?
False
Is 1970866829 a prime number?
False
Is 49789923473 a prime number?
True
Is 76104383 prime?
True
Is 874957561 a composite number?
True
Is 989489311 prime?
True
Is 56350037 a prime number?
True
Is 1494033773 a prime number?
True
Is 4187203579 composite?
True
Is 93552895 a composite number?
True
Is 2788786829 a prime number?
False
Is 643839719 a prime number?
False
Is 9448233473 prime?
False
Is 1215665449 a prime number?
True
Is 73559186 a prime number?
False
Is 15557989827 a composite number?
True
Is 617609437 prime?
False
Is 877431713 a composite number?
False
Is 224561031 a composite number?
True
Is 275541637 a composite number?
True
Is 4584239969 prime?
True
Is 11755778183 prime?
False
Is 22660139329 prime?
True
Is 2253517393 composite?
False
Is 10027187777 a prime number?
True
Is 1129487423 a prime number?
False
Is 6529269207 prime?
False
Is 49651662761 composite?
True
Is 2030406947 a composite number?
False
Is 109022953163 a prime number?
True
Is 240893827 prime?
True
Is 6830216489 prime?
False
Is 2892574999 a composite number?
True
Is 2338448083 composite?
True
Is 26978884897 composite?
False
Is 1729708303 prime?
False
Is 2214866695 a prime number?
False
Is 978620119 a composite number?
False
Is 26337602327 composite?
True
Is 67312909369 composite?
False
Is 4623401 prime?
True
Is 7096489447 a prime number?
False
Is 30329851193 a prime number?
False
Is 156848537 a composite number?
True
Is 292074169 a composite number?
False
Is 36914423791 a prime number?
False
Is 131151494 composite?
True
Is 1185111287 a prime number?
True
Is 64083203273 a composite number?
False
Is 51612250931 composite?
False
Is 1379824297 a composite number?
False
Is 127016598937 prime?
True
Is 6535482623 a composite number?
False
Is 126423979 prime?
False
Is 4974451841 a prime number?
True
Is 6542483041 a prime number?
True
Is 236922551 prime?
True
Is 26109869 composite?
False
Is 2442732769 composite?
False
Is 124460137 composite?
True
Is 4050636811 prime?
False
Is 80799314793 a composite number?
True
Is 4096253786 a prime number?
False
Is 15154315087 composite?
True
Is 35720640895 a composite number?
True
Is 3669544643 composite?
False
Is 1216910857 prime?
False
Is 4265726711 prime?
True
Is 7398122315 composite?
True
Is 1173320007 a prime number?
False
Is 2481799018 a prime number?
False
Is 560013331 composite?
True
Is 19854389 a prime number?
True
Is 87566461 prime?
True
Is 1801697003 prime?
True
Is 22801358191 prime?
True
Is 58932320107 composite?
False
Is 399635041 a prime number?
False
Is 8624462771 prime?
False
Is 491183779 prime?
False
Is 124945986443 prime?
True
Is 7485633517 composite?
True
Is 47506557521 a prime number?
True
Is 15783969853 prime?
True
Is 1281666361 a composite number?
True
Is 3004700639 composite?
False
Is 337733579 a composite number?
False
Is 39665564843 a prime number?
True
Is 2342929921 composite?
True
Is 3038087617 a prime number?
False
Is 1274263621 composite?
False
Is 981600079 composite?
False
Is 3138126983 a composite number?
True
Is 9386679083 a prime number?
False
Is 15990050603 composite?
False
Is 11124387517 a composite number?
True
Is 5655965563 composite?
False
Is 129453792877 a prime number?
True
Is 38019911 composite?
False
Is 27264505789 prime?
False
Is 387872603 prime?
False
Is 428299021 prime?
True
Is 11157133087 a prime number?
True
Is 2925659167 a prime number?
True
Is 776587547 a prime number?
True
Is 105545877311 a prime number?
False
Is 109115267189 a composite number?
True
Is 8068595501 a composite number?
False
Is 291924473 prime?
False
Is 849099943 composite?
False
Is 7291078391 prime?
True
Is 6958172167 a composite number?
True
Is 1406933431 a composite number?
True
Is 4427020619 composite?
True
Is 246757013 composite?
True
Is 160193233 a prime number?
True
Is 47592818281 a prime number?
True
Is 8089458503 a prime number?
False
Is 730566569 a composite number?
False
Is 15749397505 prime?
False
Is 20256086761 prime?
False
Is 93195203 a prime number?
False
Is 8995558843 a composite number?
True
Is 87070705 a composite number?
True
Is 1388609729 prime?
False
Is 6524157397 prime?
False
Is 268637249 prime?
True
Is 36789413 composite?
True
Is 1758185771 prime?
False
Is 3421333523 composite?
True
Is 59420677 composite?
True
Is 3164611529 a prime number?
True
Is 320664569 composite?
False
Is 4424356723 composite?
True
Is 1059203311 prime?
True
Is 76358935571 a composite number?
True
Is 88143999351 composite?
True
Is 8052188359 a prime number?
False
Is 72162264121 composite?
False
Is 233204076983 prime?
True
Is 63265129 a prime number?
True
Is 9604797793 prime?
Tru